e c(-8). What is the greatest common divisor of 28 and b?
4
Suppose 5*o - 8*i + 5*i = -5, -20 = -4*i. Calculate the highest common factor of o and 23.
1
Let x(l) = -l**3 + 39*l**2 + 45*l + 7. Let g be x(40). Calculate the greatest common divisor of g and 18.
9
Suppose 75 = 15*l - 10*l. Calculate the greatest common factor of l and 125.
5
Let w(i) = 3*i - 6. Let n be w(14). Suppose -31*j = -n*j + 5. What is the greatest common factor of 11 and j?
1
Suppose 6*n - 1 + 7 = 0. Let o be (2 - -1)*n - -168. Calculate the highest common factor of o and 15.
15
Let b(f) = -3*f + 115. Let m be b(27). Calculate the highest common divisor of 68 and m.
34
Suppose j + 45 + 40 = 0. Let d = 107 + j. What is the highest common divisor of d and 99?
11
Let o be ((-35)/(-20))/(2/8). Let u(v) be the third derivative of v**4/12 + v**3/6 + v**2. Let z be u(o). Calculate the highest common factor of 105 and z.
15
Suppose -211 = -16*t - 83. Calculate the highest common factor of 12 and t.
4
Let b(k) = k**3 - 8*k**2 + 7*k - 2. Let i be b(7). Let q be (-48)/(-28)*i/(-8)*14. What is the highest common divisor of q and 6?
6
Let h(l) = -9*l**2 + 62*l + 40. Let i(f) = -5*f**2 + 31*f + 20. Let s(y) = 3*h(y) - 5*i(y). Let t be s(16). Calculate the highest common factor of t and 2.
2
Let u(g) = g**3 + g**2 - 2*g + 3. Let v be u(2). Let t(o) = -7*o**2 + 35*o + 5. Let f be t(4). What is the highest common factor of f and v?
11
Let g be ((-16)/(-6))/((-2)/(-6)). Let c be ((-12)/g - 0)*18. Let m be (8 - 2)/((-3)/c). What is the greatest common factor of 18 and m?
18
Let u(i) = 6*i**2 + 6*i + 6. Let f be u(-4). Calculate the highest common divisor of f and 48.
6
Suppose 0 = 3*u + 8*r - 11*r - 255, -r - 1 = 0. Calculate the greatest common factor of u and 42.
42
Suppose 259*s = 254*s + 150. Let k be (-1254)/(-21) - (-4)/14. What is the greatest common divisor of s and k?
30
Suppose 420 = 4*v + 6*v. Let r be 9*-2*(-63)/v. Suppose -3*k - 2 = -11. What is the highest common factor of k and r?
3
Suppose -2*d - 19 = -4*w - d, -d - 24 = -5*w. Suppose 2*f - a - 44 = -0*f, -110 = -5*f - w*a. Calculate the highest common divisor of f and 88.
22
Let d(k) = 8*k**2 + k + 2. Let q be d(-2). Suppose 46 + 4 = 5*j. Suppose 8*z + 16 = j*z. Calculate the greatest common divisor of q and z.
8
Let w = 1442 - 1434. Let z be (3 + -1)/(4/8). Suppose -z*o + 1 = -3. What is the highest common divisor of o and w?
1
Suppose -2*g + 23*z - 19*z + 12 = 0, 5*g - z - 12 = 0. What is the highest common divisor of 4 and g?
2
Let a(h) = h**2 + 4*h + 40. Let u be a(-24). Calculate the highest common factor of u and 312.
104
Let z = -10 - -12. Let g(q) = -z*q**3 + 4*q**3 + 2*q - q**3 + 6*q**2. Let o be g(-5). Calculate the greatest common divisor of 105 and o.
15
Let j = 275 - 245. Calculate the highest common factor of j and 24.
6
Suppose -12*o + 9*o = -3. Let l be (0 + -6)*(o + 7/(-3)). What is the highest common factor of l and 88?
8
Let l(m) = -25*m - 200. Let p be l(-21). What is the highest common divisor of p and 26?
13
Let y(d) = -d**3 + 8*d**2 + 20*d - 8. Let u be y(10). Let o be -3 - -8*(-36)/u. What is the greatest common factor of 3 and o?
3
Let t be (-27)/36 - 15/(-4). Let z be 3/6 + t/2. Suppose -z*o + 9 = o. Calculate the highest common divisor of o and 15.
3
Let l(m) = -m**2 - m + 3. Let i be l(-3). Let h be 5/15 + (-5)/i. Let z be ((3 - 6) + h)*-44. Calculate the greatest common factor of z and 11.
11
Let k be (-21)/3*4100/(-287). Calculate the greatest common factor of k and 100.
100
Let z be (17 - -41)/(4/36). Calculate the highest common factor of 116 and z.
58
Let b be 3401 + (12 - 3) + -6. What is the highest common divisor of 92 and b?
92
Suppose -5*k + 34 = 79. Let t be (-3 - k)*4/3. Let q = t + 0. Calculate the greatest common factor of 8 and q.
8
Let u = -9 + 16. Suppose 0 = -a - 0*a - u. Let y be (a + 2)*(-132)/10. What is the highest common divisor of y and 6?
6
Suppose 0 = 4*l + 145 - 433. Suppose p + 108 = -2*p. Let z be (-332)/p - 2/9. What is the greatest common factor of z and l?
9
Let u be (4 - 4) + 952 - (16 + -9). What is the highest common factor of u and 70?
35
Let n = 146 + 36. Suppose 0 = b - 2*z - 2*z - 109, 5*b - 5*z = 530. Let s = n + b. What is the highest common divisor of s and 41?
41
Let n(p) = 19*p - 103. Let z be n(7). What is the highest common factor of z and 60?
30
Let u(h) = h**2 - 6*h - 8. Let c be u(8). Let z = c - 5. Suppose 2*n + 4 = 0, 4*n - n - 9 = -5*a. What is the greatest common divisor of a and z?
3
Let m = -47 + 67. Let k be (-57690)/(-35) + (-4)/14. Let f be 6/(-4) + k/32. What is the greatest common divisor of m and f?
10
Let h = 52 - 34. Let u(q) = q**2 - 13*q + 13. Let g be u(12). Let z(b) = 18*b. Let s be z(g). What is the highest common factor of s and h?
18
Suppose -555 = -y - 4*y. Let k = -107 + y. What is the highest common divisor of k and 24?
4
Let c(k) = -3*k + 35. Let p be c(8). Let o = 278 + -157. Calculate the greatest common factor of o and p.
11
Let n be 2 + 5/(10/24). Let a be 6*(-1)/2*7. Let k = -14 - a. Calculate the greatest common divisor of k and n.
7
Let z be 91/4 + 1/((-12)/9). What is the greatest common divisor of 638 and z?
22
Let j(a) = -a + 4. Let s be j(0). Let x(o) = o**2 - o - 5. Let f be x(s). Suppose -9 = 6*q - f*q. Calculate the greatest common factor of 36 and q.
9
Let c(n) = -n**3 + 8*n**2 + 13. Let k be c(8). What is the greatest common divisor of 312 and k?
13
Let o be ((-36)/(-14))/(30/4060). What is the highest common factor of 29 and o?
29
Let a = 3 + 165. Suppose -265 = -3*d + 71. What is the greatest common divisor of d and a?
56
Let r = 48 + -35. Suppose 0*a - 4*a + 364 = 0. Calculate the highest common divisor of r and a.
13
Suppose -2*m = t - 27, -5*t - 11*m + 135 = -6*m. What is the highest common divisor of t and 999?
27
Let q be 64/6 + 20/(-30). Suppose 69 = 4*s + 5*d, s = -0*d + 3*d + 30. Suppose 19 = 4*a - s. What is the greatest common factor of q and a?
10
Suppose 63 = -2*l + 129. What is the greatest common factor of 264 and l?
33
Suppose 9*x - 1 - 98 = -9. Let c be 2 + (1 - 2) - -14. What is the greatest common factor of c and x?
5
Let a = 110 + -42. What is the greatest common factor of 442 and a?
34
Suppose h = i - 21, 2*h = 3*h - 1. Let l(q) = -2*q + 38. Let u be l(18). Calculate the greatest common factor of u and i.
2
Let o be (-4)/1*5*-1. Let w(l) = 93*l**2 + 30*l + 89*l**2 - 273*l**2 - 8 + 89*l**2. Let z be w(11). What is the highest common factor of z and o?
20
Suppose 5*d - 3*a = 2*a + 615, -2*a + 138 = d. Let r = -7 + 21. Let w = 2 + r. Calculate the greatest common factor of w and d.
16
Suppose -13*o + 908 = 258. Calculate the greatest common factor of o and 60.
10
Suppose -167*z = -137*z - 510. What is the highest common divisor of z and 17?
17
Let m(i) = i**2 - 8*i + 6. Let t be m(5). Let u be 30/t*12/(-2). Suppose 2*p + 2*p = 2*b + 16, 4*p - u = b. What is the highest common divisor of 24 and p?
6
Let i = -17 - -14. Let u(s) = -3*s - 5. Let n be u(i). Suppose 4 = -n*g + 8. Calculate the highest common divisor of 2 and g.
1
Let z be (4/(-8))/((-1)/36). Let l be z*2/(-8)*4. Let b = 14 - l. What is the greatest common divisor of b and 4?
4
Let f be ((-24)/14)/(46/(-14) - -3). Suppose 0 = -5*o - 2 + 7. Let r(u) = 3*u - 1. Let s be r(o). Calculate the greatest common factor of f and s.
2
Let f(c) = 1 + 0 - 29*c - 3*c**2 - 26*c + 39*c. Let x be f(-5). Let n be (-214)/(-14) + 4/(-14). What is the greatest common factor of n and x?
3
Suppose -2*w = -z - 205, 3*w + 3*z - 5*z = 308. Let k be (5 - (-3)/((-9)/(-78))) + 3. Calculate the greatest common factor of w and k.
34
Let i be 267/9 + (-2)/(-6). Suppose -w = l - 17, 5*l = -3*w + 57 + 18. Let k be (-3)/l - (-61)/4. What is the greatest common factor of k and i?
15
Suppose -2*o = 2*a - 78 + 28, -5*o = -3*a + 67. Let x be 4/28*-2 + 46/14. What is the greatest common divisor of a and x?
3
Let v(x) = -18*x**3 + x**2 - 1. Let w be v(1). Let h = 62 - w. Let s be (-12)/(-3) + (-168)/(-6). What is the greatest common factor of s and h?
16
Suppose 0*w = 5*w - 35. Let d be (5 - w)*(1 - 3). Suppose -4*j - 5*m = -186, -4*m = j + 2*j - 140. What is the highest common divisor of d and j?
4
Let r be 134/11 - 9*(-10)/(-495). What is the greatest common divi